he tens digit of 492372?
7
What is the units digit of 920080?
0
What is the ten thousands digit of 1173069?
7
What is the hundred thousands digit of 451812?
4
What is the tens digit of 1589333?
3
What is the hundreds digit of 26249093?
0
What is the hundreds digit of 17885843?
8
What is the tens digit of 8675529?
2
What is the millions digit of 6446443?
6
What is the tens digit of 214169?
6
What is the millions digit of 2546207?
2
What is the ten thousands digit of 821863?
2
What is the millions digit of 8357327?
8
What is the units digit of 2540541?
1
What is the millions digit of 9735978?
9
What is the units digit of 11465539?
9
What is the thousands digit of 73163?
3
What is the units digit of 42233?
3
What is the thousands digit of 3088217?
8
What is the units digit of 933933?
3
What is the hundred thousands digit of 374261?
3
What is the units digit of 116269?
9
What is the tens digit of 8973769?
6
What is the units digit of 719434?
4
What is the thousands digit of 149112?
9
What is the ten thousands digit of 760070?
6
What is the hundred thousands digit of 168403?
1
What is the tens digit of 25930?
3
What is the thousands digit of 5186186?
6
What is the tens digit of 1658068?
6
What is the hundreds digit of 6036755?
7
What is the thousands digit of 351134?
1
What is the units digit of 1103200?
0
What is the tens digit of 6359534?
3
What is the ten millions digit of 17896456?
1
What is the hundred thousands digit of 35586747?
5
What is the ten thousands digit of 24065?
2
What is the ten thousands digit of 857719?
5
What is the hundred thousands digit of 1428157?
4
What is the tens digit of 1189713?
1
What is the tens digit of 111126?
2
What is the hundred thousands digit of 299482?
2
What is the units digit of 134687?
7
What is the thousands digit of 502493?
2
What is the ten thousands digit of 24583803?
8
What is the tens digit of 8643510?
1
What is the tens digit of 574388?
8
What is the hundred thousands digit of 2964628?
9
What is the units digit of 1499406?
6
What is the hundred thousands digit of 185379?
1
What is the tens digit of 187951?
5
What is the thousands digit of 5265355?
5
What is the thousands digit of 138135?
8
What is the hundreds digit of 1649622?
6
What is the hundreds digit of 146385?
3
What is the millions digit of 25620632?
5
What is the tens digit of 25092?
9
What is the thousands digit of 1767270?
7
What is the tens digit of 611292?
9
What is the millions digit of 1143319?
1
What is the ten thousands digit of 173460?
7
What is the ten thousands digit of 528296?
2
What is the tens digit of 980500?
0
What is the ten thousands digit of 19114733?
1
What is the units digit of 421833?
3
What is the ten thousands digit of 477339?
7
What is the thousands digit of 6571693?
1
What is the millions digit of 8745833?
8
What is the units digit of 1551247?
7
What is the thousands digit of 209702?
9
What is the thousands digit of 137354?
7
What is the hundreds digit of 225487?
4
What is the thousands digit of 225539?
5
What is the millions digit of 21934779?
1
What is the ten thousands digit of 3842367?
4
What is the units digit of 12708296?
6
What is the ten thousands digit of 7611609?
1
What is the tens digit of 13508197?
9
What is the tens digit of 114050?
5
What is the thousands digit of 684546?
4
What is the units digit of 1451593?
3
What is the ten thousands digit of 2682017?
8
What is the ten thousands digit of 17714?
1
What is the millions digit of 20760717?
0
What is the millions digit of 7828978?
7
What is the hundred thousands digit of 333841?
3
What is the ten thousands digit of 134765?
3
What is the ten thousands digit of 3411387?
1
What is the thousands digit of 18884823?
4
What is the ten thousands digit of 41768?
4
What is the thousands digit of 148220?
8
What is the thousands digit of 93600?
3
What is the thousands digit of 3203012?
3
What is the tens digit of 445329?
2
What is the millions digit of 2773660?
2
What is the ten thousands digit of 348124?
4
What is the hundred thousands digit of 872515?
8
What is the tens digit of 9163192?
9
What is the hundreds digit of 16798007?
0
What is the units digit of 5380700?
0
What is the hundreds digit of 1487219?
2
What is the millions digit of 12512609?
2
What is the units digit of 1090964?
4
What is the ten thousands digit of 2438286?
3
What is the hundred thousands digit of 102235?
1
What is the ten thousands digit of 322355?
2
What is the ten thousands digit of 130266?
3
What is the millions digit of 5940070?
5
What is the tens digit of 33608060?
6
What is the hundred thousands digit of 241523?
2
What is the units digit of 407878?
8
What is the ten thousands digit of 4060224?
6
What is the ten thousands digit of 1505475?
0
What is the hundred thousands digit of 140195?
1
What is the hundred thousands digit of 154902?
1
What is the tens digit of 130574?
7
What is the thousands digit of 174518?
4
What is the ten thousands digit of 2289220?
8
What is the hundreds digit of 179271?
2
What is the thousands digit of 2241?
2
What is the hundred thousands digit of 162775?
1
What is the tens digit of 14075282?
8
What is the ten millions digit of 19744014?
1
What is the thousands digit of 1824231?
4
What is the ten thousands digit of 65257?
6
What is the hundreds digit of 528046?
0
What is the ten thousands digit of 336357?
3
What is the ten thousands digit of 16191505?
9
What is the hundreds digit of 3384880?
8
What is the units digit of 10633709?
9
What is the units digit of 8245917?
7
What is the hundred thousands digit of 643980?
6
What is the tens digit of 3434902?
0
What is the ten thousands digit of 1826606?
2
What is the millions digit of 3714052?
3
What is the hundreds digit of 47821?
8
What is the hundreds digit of 15856?
8
What is the hundred thousands digit of 25304236?
3
What is the tens digit of 772699?
9
What is the units digit of 97996?
6
What is the hundred thousands digit of 3684837?
6
What is the hundreds digit of 5835804?
8
What is the units digit of 9042795?
5
What is the units digit of 44791?
1
What is the hundreds digit of 6400944?
9
What is the hundreds digit of 41740527?
5
What is the hundreds digit of 3429895?
8
What is the thousands digit of 7837543?
7
What is the thousands digit of 3904815?
4
What is the units digit of 1334611?
1
What is the hundred thousands digit of 6066465?
0
What is the hundred thousands digit of 1096098?
0
What is the ten thousands digit of 1945991?
4
What is the tens digit of 564959?
5
What is the units digit of 671445?
5
What is the ten thousands digit of 57139?
5
What is the tens digit of 56013?
1
What is the ten millions digit of 27186368?
2
What is the thousands digit of 16536?
6
What is the thousands digit of 99939?
9
What is the hundreds digit of 39076?
0
What is the units digit of 16302543?
3
What is the ten thousands digit of 272214?
7
What is the tens digit of 1062206?
0
What is the units digit of 911826?
6
What is the ten thousands digit of 745881?
4
What is the hundreds digit of 212282?
2
What is the hundred thousands digit of 2788571?
7
What is the thousands digit of 26669017?
9
What is the thousands digit of 172377?
2
What is the ten thousands digit of 98348?
9
What is the units digit of 4943548?
8
What is the hundred thousands digit of 11263878?
2
What is the ten thousands digit of 89293?
8
What is the units digit of 10726998?
8
What is the hundreds digit of 16103392?
3
What is the thousands digit of 38482658?
2
What is the units digit of 36106?
6
What is the tens digit of 222644?
4
What is the thousands digit of 964777?
4
What is the units digit of 6193311?
1
What is the ten thousands digit of 32862417?
6
What is the hundred thousands digit of 131782?
1
What is the units digit of 527934?
4
What is the hundred thousands digit of 706940?
7
What is the ten thousands digit of 254887?
5
What is the units digit of 7165117?
7
What is the hundred thousands digit of 2446793?
4
What is the hundreds digit of 173011?
0
What is the units digit of 585718?
8
What is the tens digit of 3282201?
0
What is the tens digit of 7208045?
4
What is the units digit of 7920157?
7
What is the thousands digit of 356948?
6
What is the ten thousands digit of 195774?
9
What is the units digit of 17577188?
8
What is the units digit of 3850